Suppose 3*y = 2*y + v*b - 6, 12 = 3*y + 3*b. Let m(o) = 3*o + 2. What is the units digit of m(y)?
8
Let i(p) be the first derivative of 2*p**3/3 + 2*p**2 - 3*p + 3. What is the units digit of i(-4)?
3
Let q(y) = 76*y**3 - 2*y**2 + 2*y. What is the tens digit of q(1)?
7
Suppose -2*b = -2*k - 114, -60 - 69 = -2*b - 3*k. What is the units digit of b?
0
Let b(x) = x**3 + 8*x**2 + 8*x + 7. Let f be b(-7). Suppose -9 = -g - 3*h + 4*h, f = 3*g - 2*h - 32. What is the units digit of g?
4
Let z(w) = -5*w + 5*w + w + 3. Let h be (8/2)/(2/4). What is the tens digit of z(h)?
1
Suppose 4*n - 15 = -4*u + 57, 0 = -3*n + 4*u + 82. Let b be 48/22 - 4/n. Suppose -b*o + 7 = -5. What is the units digit of o?
6
Let u(j) = 4*j**3 - j**2 + 3*j - 11. Let f(b) = -b**3 - b. Let a(d) = -3*f(d) - u(d). What is the tens digit of a(0)?
1
Let n(i) = i**2 - 8*i. Let k be n(8). Suppose k = a - 31 - 0. What is the units digit of a?
1
Let n = 20 - 14. Suppose -r = -4*r + 150. Suppose n*q = q + r. What is the units digit of q?
0
Suppose 5*r = -5, -3*h + h = -3*r - 49. Suppose 0 = -3*t + 2*k + k + 42, -t + 4*k = -h. What is the units digit of t?
1
Suppose 3*i + 2*u = -i + 200, 0 = -5*i + 3*u + 272. What is the tens digit of i?
5
Let s be 3/(-2) + (-7)/(-2). Suppose 2*c - 6 = -2*g, 6*g + 2*c - 16 = s*g. What is the units digit of g/(5/(-2)) - -13?
1
Let z be 0 - (3 + -1) - -2. Suppose 0 = 5*t - t + 2*a - 134, z = t + 5*a - 38. What is the units digit of (-2)/(-2 - t/(-18))?
2
Let p(c) = -c + 3. Suppose -3*a - 21 = -3*h, -h - 2*a + 26 = h. Let o = h - 14. What is the units digit of p(o)?
7
Suppose -z - l + 20 = -6*l, 3*z - 4*l = 27. Suppose -16 = -4*t, t + 34 + 17 = z*o. What is the tens digit of o?
1
Suppose 4*u - 5*i - 724 = u, 2*u - 4*i = 482. What is the hundreds digit of u?
2
What is the tens digit of 2*3/2 + 126 + -6?
2
Let i = 87 - 34. What is the tens digit of i?
5
Let y be 4/5*-2*-15. Suppose y = 3*x - x. What is the units digit of x?
2
Suppose -2*y - h + 7 = -2*h, -y - 4*h - 1 = 0. Suppose l = 2*z + 7, z + y*l = 4*z + 15. What is the tens digit of (-31)/z - (-1)/2?
1
Suppose 0 = -5*r + 3*b + 70 + 12, -4*b = 2*r - 12. What is the tens digit of r?
1
Let w = 422 - 250. What is the units digit of w?
2
Suppose 3 = -s + 2*s. Suppose -q + b = -s, -4*q - 5*b = -q + 23. What is the units digit of 1 + 10/(q - -3)?
6
Suppose -5*f + f + 20 = 0. Suppose 3*q = 3*m - f*m - 59, -3*q - 25 = m. What is the units digit of (m/(-10) - 3)*15?
6
Suppose 9 - 1 = -4*i. What is the units digit of 53/5 - i/5?
1
Let s = 2 + 5. Let d(i) = i + 5. What is the units digit of d(s)?
2
Let g(h) = 4*h**2 - 9*h - 6. What is the units digit of g(3)?
3
Suppose 0 = 4*s + 20, 2*k - 1 = 3*s. Let j = -7 - -2. Let o = j - k. What is the units digit of o?
2
Suppose -3*a - 2 - 64 = 0. Let j be (-18)/(-12) - a/4. Suppose 3*z - j = 4*x, -5*x + 17 = -8. What is the units digit of z?
9
Let z(r) be the first derivative of r**4/4 + 18*r - 2. Let n be z(0). Suppose -2*h + n = h. What is the units digit of h?
6
Suppose -2*o - o + 84 = 0. Suppose 5*q - q - o = 0. What is the units digit of q?
7
Let p = -76 + 81. What is the units digit of p?
5
Let h be (-4)/(-4)*1*-2. Let y be 0*h/(-6)*-1. Let l(u) = u + 16. What is the tens digit of l(y)?
1
Let o(x) = -x**2 - 2*x + 3. Let s be o(-3). Let c(w) = w**3 - w**2 - w + 4. What is the units digit of c(s)?
4
Suppose -4*k - 157 = -29. Let g = k + 53. Let m = g - 8. What is the units digit of m?
3
Suppose -q - c = 2*q, -2*c - 2 = 4*q. Let g = q + 4. What is the units digit of g?
5
Suppose -5*j = 3*o - 9, 5*o + 2*j - 17 = -2. What is the units digit of o?
3
Let v(d) be the first derivative of -3*d**4/4 - d**3 - 3*d**2/2 - 3*d + 1. What is the units digit of v(-2)?
5
Suppose 0 = 5*g + 1 + 4. Let l(k) = -17*k**3 - 2*k - 1. What is the tens digit of l(g)?
1
What is the units digit of 2 - -6*(-11)/(-2)?
5
Let j(u) = u**3 + 7*u**2 + 6*u - 4. What is the tens digit of j(-5)?
1
Suppose 7 = -q - 4*g, 0*q - g + 17 = 4*q. Suppose -4*j + q*s + 70 = 0, 2*j - 78 = -2*j + s. Suppose -5*i + j = -i. What is the units digit of i?
5
Suppose -2*r = -6*r. Let m = r - -1. What is the units digit of 3*(m + 0)/3?
1
Let b(y) = y**3 - 6*y**2 + 5*y + 2. Let p be 5 + 0 + -3 + 3. What is the units digit of b(p)?
2
What is the tens digit of (-3 - 1 - -46) + 3?
4
Suppose -3*j - 4*u + 11 = -0, j + 4*u - 9 = 0. Let c = -11 + 15. Suppose -2*i = -5*z - 6 + j, 4*i - c*z - 28 = 0. What is the tens digit of i?
1
Suppose 5*j - 5*s - 21 = -6, -5*s = -j - 1. Suppose 24 = -0*a + j*a. What is the units digit of a?
6
Let m be 3*2*(2 - 3). Let z = -3 - m. What is the units digit of z?
3
Suppose -4*k + 16 = -0*k. Suppose -2*o - 5*q - 5 = 0, -3*q - 3 = -0*o - 2*o. Suppose o = k*a - 2*a - 16. What is the units digit of a?
8
Suppose -4*q - 16 = -4*o - 0*o, 16 = -4*q - 3*o. Let n be q/(-1) - (3 - 3). Suppose 0 = -5*v + n*x + 65, -4*v = -3*v + 5*x - 13. What is the units digit of v?
3
Let t(u) = -u**3 + 7*u**2 - 7*u + 6. Let q = -4 - -10. Let p be t(q). Suppose -4*n + 12 = -p*n, 4*n = 4*f - 36. What is the tens digit of f?
1
Let r(a) = -10*a + 7. Let t be r(10). What is the units digit of -4*(0 + t/12)?
1
Let v(i) = -2*i + 78. What is the tens digit of v(0)?
7
Let k be 1/(-4) + 15/(-4). Let m = k - -8. What is the units digit of m?
4
What is the tens digit of 4 + -2 + 3 + 46?
5
Let h(l) = -l - 3. Let q be h(-5). Suppose -4*p = -q*p - 24. What is the units digit of p?
2
Let n(l) = -l**3 + 11*l**2 - 11*l + 7. Let c be n(10). Let x be c/2 - 2/4. Let k = 9 + x. What is the units digit of k?
7
Let q(z) = 7*z**2 + z. Let m be (-2 - -2)/(-1)*1. Suppose 5*r + 0 + 5 = m. What is the units digit of q(r)?
6
Let v(k) = -9*k**3 + k**2 + 2*k. What is the units digit of v(-2)?
2
Suppose -4*y + 29 = 5*p, y + 0*p - 5 = p. Suppose -5*f - 2 = -y*f. What is the tens digit of f/(-6)*(2 + -44)?
1
Let r = 15 - 1. Let p = 20 - r. What is the units digit of p?
6
Let n = 5 - 9. Let g = 6 + n. What is the units digit of g?
2
Let q be ((-1 + -3)/1)/(-1). Suppose q*u - 70 = -u. Suppose 3*p - 27 = -4*f, 6*f - u = 3*f + 4*p. What is the units digit of f?
6
Suppose -4*b - 29 = -1049. What is the tens digit of b?
5
Let o(l) = -l**2 + 8*l - 6. Let s be o(7). What is the tens digit of -1*(-1 + -39) + s?
4
Let i(d) = 4*d**2 + 0*d - 2*d - 5*d**3 + 3*d**3 + d**3 + 1. What is the units digit of i(3)?
4
Let v = 46 - 30. Suppose -4 = -5*a + v. Suppose a*l - 16 = -5*g, l = 4*g + 7 - 24. What is the units digit of g?
4
Suppose 2*u + 2*k = 20, 0 = 2*u - 2*k - 2 - 6. Let x = u - -5. What is the tens digit of x?
1
Let w(x) = -x**2 + x. Let j be w(1). Suppose -3*t + 27 = -j*t. What is the units digit of t?
9
Let b = -3 - 7. Let a(s) = s + 19. What is the units digit of a(b)?
9
Let v = 23 + -24. What is the units digit of (1/2 + v)*-18?
9
Suppose -5*x = -2*x - 129. What is the units digit of x?
3
Suppose -4*l + 188 = 4*r, 2*r = 6*l - l - 200. What is the units digit of l?
2
Suppose 0*j - 3*j = 2*o + 35, o - 3*j - 5 = 0. What is the units digit of (-4)/o - 143/(-5)?
9
Suppose 0 = -2*n - 2, 2*w - 4*n + 3 = 11. Suppose -4*u - 5*c = -0*c - 27, -5*u + 75 = -w*c. What is the units digit of u?
3
Let x = -1 - -9. Suppose z = -3*z + x. Suppose -s - 20 = -z*f + s, -s - 58 = -5*f. What is the tens digit of f?
1
Suppose h - 5*h - k = -478, h - 126 = 3*k. What is the hundreds digit of h?
1
Let s(u) = -35*u**3 + 2*u**2 - 1. Let q be s(-1). Suppose -5*p + q = -5*n + n, -2*n + 18 = 2*p. What is the units digit of p?
8
Suppose -3*u + 2 + 379 = 0. What is the units digit of u?
7
Suppose -4 - 6 = -5*r. Suppose 0*l = r*l - 4. Suppose l*s - 10 = -3*s. What is the units digit of s?
2
Let y(h) = -h**3 - 8*h**2 + 10*h + 8. Suppose b = -2*b - 27. Let v be y(b). Let g = v - -10. What is the units digit of g?
9
Suppose -3*x + 0*x + 3 = 0, 3*g = 5*x + 52. What is the units digit of g?
9
Let q be (4 - 2/1) + -5. Let a be 3 + (35 + q)/(-2). Let c = a - -23. What is the tens digit of c?
1
Let w(o) = o**3 - o + 179. What is the units digit of w(0)?
9
Let m be (0 - -2) + 2 + 0. Suppose -m*w = -9*w + 50. What is the tens digit of w?
1
Let o = -75 - -43. Let q = o - -47. What is the tens digit of q?
1
Let n(s) = -s**2 + 3*s + 2. Let z be n(3). Suppose 0 = -5*r + 4*r + 5. Let l = z + r. What is the units digit of